 u be 1400/(-160) + -1 + (-14)/w. List the prime factors of u*(-7)/28 - (-29)/1.
31
Suppose 0 = 3*m + 7*m + 40. Let b(a) = -307*a - 34. Let s be b(m). Suppose 7*x = x + s. What are the prime factors of x?
199
Let q = -23309 + 47993. List the prime factors of q.
2, 3, 11, 17
Let h(w) = -37*w + 121. Let n be h(-26). Suppose -11*l + 8*l + 1614 = -y, -n = -2*l + 3*y. What are the prime factors of l?
3, 179
Suppose 2989*b = 2957*b + 479488. What are the prime factors of b?
2, 1873
What are the prime factors of -1*818/6*(-8 + 11)*-31?
31, 409
Suppose 6*v - 4638 = 3*v. Suppose -2*d = -3*g + 343 - v, -4*d - 5*g + 2461 = 0. What are the prime factors of d?
3, 7, 29
Let g = 147 - 151. Let p = -113 + 194. List the prime factors of p - (g - -7)*1.
2, 3, 13
Let b = 12376 + -2510. What are the prime factors of b?
2, 4933
Let b = -38 + 38. Suppose b = -3*l + 4*o + 2734, 4*l + 4*o = 2*o + 3660. What are the prime factors of l?
2, 457
Suppose 3*s - 63 = 3*m + 7*s, -5*s = 3*m + 60. Let t be -4 + (m/(-1) - 2). Let d = 32 - t. What are the prime factors of d?
13
Let k = 12 + -17. Let n(v) be the first derivative of -v**4/2 - 2*v**3 + 3*v**2 + 2*v - 50. List the prime factors of n(k).
2, 3
Let x(g) be the second derivative of 13*g**3/3 - g**2 - g. Let r be (-34)/(-12) + (-1)/60*-10. What are the prime factors of x(r)?
2, 19
Let a = 19723 + -16890. List the prime factors of a.
2833
Let g(y) = -47*y**2 - 32*y + 15. Let m(i) = 16*i**2 + 10*i - 5. Let f(t) = 3*g(t) + 10*m(t). Let u be (0 + -1)/((-1)/2). What are the prime factors of f(u)?
79
Suppose 0 = -6*z + 2*z + 32. Let h be (-2 - -11) + (5 - z). Let m = h - -9. List the prime factors of m.
3, 5
List the prime factors of (-17)/((-2737)/(-14)) - (-32708)/23.
2, 3, 79
Suppose 16*h - 5*k + 5790 = 21*h, -4*k = 0. Suppose 74*b = 76*b - h. List the prime factors of b.
3, 193
Suppose -225*q - 47890 = -230*q - 5*w, 0 = 2*q - 2*w - 19136. List the prime factors of q.
3, 3191
Suppose -20*s - 445 = -15*s. Let p(y) = -y**3 + 8*y**2 + 15*y - 14. Let m be p(10). Let q = m - s. What are the prime factors of q?
5
Let d = 1131 - 2032. Let f = 1795 + d. What are the prime factors of f?
2, 3, 149
Let d = -54 - -60. Suppose -5*s = -3*q + d, -2*s - 3 - 1 = -2*q. Suppose -5*p = 4*m - 95 - s, 5*m = 0. What are the prime factors of p?
19
Let t(b) = -b**3 - 8*b**2 + b + 11. Let g be t(-8). Suppose -2*q + m - 4*m - g = 0, 0 = -5*q + 3*m + 24. What are the prime factors of -1 + q + 78 + 6?
2, 43
Let x = 2583 + -2638. Let a = 28 - 48. What are the prime factors of (-5)/a + x/(-4)?
2, 7
Let g = 1220 + 96. List the prime factors of g.
2, 7, 47
Let h(x) = -x**2 + 8*x + 8. Let f be h(9). Let v(p) = 4*p**2 - 15*p + 15. Let q(u) = -u**2 - u + 1. Let w(y) = f*v(y) - 3*q(y). List the prime factors of w(8).
2, 31
Let d(f) = -27*f**3 + 4*f**2 + 11*f + 43. Let a be d(-4). Suppose -6*r = -a - 597. What are the prime factors of r?
2, 199
Suppose -1666 = -3*k + 3*a + 182, 3*a - 9 = 0. List the prime factors of k.
619
Let h = 337 - 241. Let u = -105 + 334. Suppose 2*t = -3*s + u, 0 = 2*t + 5*s - h - 139. List the prime factors of t.
2, 5, 11
Let a = 1 + 31. Let h = -34 + a. List the prime factors of 5 + h + (2 - -63).
2, 17
Let s = -155 + -12. Let o be (-2)/7 - (-161)/49 - -346. Let l = s + o. List the prime factors of l.
2, 7, 13
Let c be (-2387)/44 + (-4)/(-16). What are the prime factors of (-450)/(c/60*15/18)?
2, 3, 5
Let r(y) = -y**3 + 8*y**2 + 26*y - 41. Let h be r(10). Suppose 0 = h*t - 1719 + 28. What are the prime factors of t?
89
Let m = 39 + -23. Suppose 2*q - 3*q = -4*g + 26, 2*g = 2*q + m. Suppose 160 = g*j - 56. List the prime factors of j.
2, 3
Let k = -59 + 59. Suppose k = 5*y + i - 18, -3*i = -0*i + 6. List the prime factors of 11 - (0 + y + -1).
2
Let x(n) = 2*n**2 - 3*n + 3. Let w be x(2). Suppose -4*p + 4*q - w*q = -1152, -873 = -3*p - 3*q. What are the prime factors of p?
7, 41
Let o(p) = 60*p**3 + 10*p**2 - 9*p + 80. What are the prime factors of o(7)?
3, 11, 71
Let x = -2062 + 1397. What are the prime factors of (18/15)/(-3)*x?
2, 7, 19
Let h = -121 + 183. Suppose -51*c - 4653 = -h*c. What are the prime factors of c?
3, 47
Let d = -56 + 62. List the prime factors of (26/d)/((-1)/(-3)).
13
List the prime factors of 9*((-1080640)/(-616) - 4/14).
2, 3, 877
Let o = -5578 + 12098. List the prime factors of o.
2, 5, 163
Let r(g) = 7*g**2 + 16*g - 25. Suppose 4*v + 3 = -49. Let q(t) = 3*t**2 + 8*t - 12. Let u(l) = v*q(l) + 6*r(l). List the prime factors of u(6).
2, 3, 11
Let s(k) = k**3 - 8*k**2 + 12*k - 15. Let d be s(8). Let z = d - 76. Suppose -471 = -5*h - 2*g, h = 2*h + z*g - 85. List the prime factors of h.
5, 19
Let g(h) = h**3 + 3*h + 8*h**2 - 14*h - 12 + 5*h. List the prime factors of g(-8).
2, 3
Let o(f) = -27*f**3 + 15*f**2 - 3*f + 33. What are the prime factors of o(-11)?
2, 3, 11, 191
List the prime factors of (-50163*(-22)/(-99) - 4)*-3.
2, 43, 389
Let n(t) = 268*t - 123. Suppose -100*a + 78*a + 132 = 0. List the prime factors of n(a).
3, 5, 11
What are the prime factors of 18/27 - (-624155)/51?
12239
Let z = -26 - -32. Suppose -z*v + v = 70. Let n = 131 - v. What are the prime factors of n?
5, 29
Suppose -11*n + 15*n - 16 = 0. What are the prime factors of (-19200)/(-420) - n/14*-1?
2, 23
Suppose -2*h + 4*g + g = -60, 0 = 3*h - g - 103. Let s be 42/10 + (-7)/h. Suppose b = -0*p + 4*p - 77, -s*b + 34 = 2*p. List the prime factors of p.
19
Let z be (-2)/11 - (9980/44 - 6). Let x = -152 - 0. Let s = x - z. List the prime factors of s.
3, 23
Suppose -5*s = -w + 3*w - 205, -5*s = -4*w + 425. Suppose -5*y + 4*d - 139 = 0, -w = y + 3*y + 3*d. Let b = y + 70. List the prime factors of b.
43
Let o = 51872 + -17639. What are the prime factors of o?
3, 11411
Suppose -2*x + 3183 = 2*f + 481, -3*x - 6 = 0. Suppose -7*s + 481 = -f. What are the prime factors of s?
2, 131
Let z = -120307 - -178206. What are the prime factors of z?
57899
Suppose 5500*t - 5593*t = -4105857. What are the prime factors of t?
7, 17, 53
Let j(u) = -u**3 + 2*u**2 - 5*u + 2. Suppose 3*z - 9 = -3. Let s be j(z). What are the prime factors of ((-65)/10)/((-2)/s*-2)?
13
Suppose -718 = -5*n + 687. Let u be (-2 - (-20)/12)/((-7)/(-3423)). Let g = n + u. What are the prime factors of g?
2, 59
Suppose -1346 = -28*w + 30*w. Let s = -321 - w. List the prime factors of s.
2, 11
Let p(a) = a**2 + a + 1. Let r(z) = 62*z**3 - 2*z**2 - 3*z - 6. Let m(t) = -6*p(t) - r(t). Let u be m(-1). Let d = 191 + u. List the prime factors of d.
2, 3, 7
Let j be 0/1 - (1 + -1). Let t(n) be the third derivative of -n**4/6 + 139*n**3/6 + 220*n**2. What are the prime factors of t(j)?
139
Let x(a) be the third derivative of -13*a**4/6 - 9*a**3/2 - 6*a**2. Let w be (-28)/(-266) + 464/(-76). List the prime factors of x(w).
3, 5, 19
Suppose -16*x = -152*x + 1868594 + 4456766. What are the prime factors of x?
2, 5, 4651
Let o = 175 - -30. Let q = o + -164. List the prime factors of q.
41
Let z(l) = -2*l + 9. Let u be z(9). Let b(g) = -6*g + 19 - 6 - 11 - 4*g. List the prime factors of b(u).
2, 23
Let k(i) = i**2 + 30*i + 19. Let q be k(-29). Let x(p) be the first derivative of -3*p**2/2 + 29*p + 4. List the prime factors of x(q).
59
Let y = 158 + -91. Let w = y - 57. What are the prime factors of 4*(-23)/(-8)*w?
5, 23
Let g(a) = -4*a**3 + 8*a**2 + 2*a - 2. Let i be g(2). Suppose -i*x = 5*m - 481, 0 = 5*x - 2*m - 540 - 706. What are the prime factors of x?
2, 31
Let f be 3*16/(-120)*5. Let b(q) = -508*q - 25. List the prime factors of b(f).
991
Suppose 6488 - 1446 = 2*p + 2*q, 2*p = -5*q + 5027. Suppose p = -9*a + 15*a. What are the prime factors of a?
421
Let g = 666 - 664. Suppose 3*o + 4*x + 384 = 2760, -g*o = -2*x - 1584. What are the prime factors of o?
2, 3, 11
Let l = 848 - 2159. Let f = l + 2113. List the prime factors of f.
2, 401
What are the prime factors of ((-2386)/(-6))/(-4 - (-845)/210)?
2, 7, 1193
Suppose 10*v + 8 = 12*v, 0 = x - v - 255. Let s = 260 + -120. Let a = x - s. List the prime factors of a.
7, 17
Let z(y) = y**3 - y**2 - 10*y + 6. Let o be z(6). List the prime factors of 2/((-8)/6)*(-3192)/o.
2, 19
Let k = -236 - -42725. List the prime factors of k.
3, 4721
List the prime factors of (-9 - (3 - 2)) + -33 + 21780.
21737
Suppose -2*r = -198*r + 6364128 + 3786124. What are 